- 6. Let r(o) = m*q(o) - 4*k(o). Calculate r(z).
-1
Let l(m) = 5*m - m - 11*m + 6*m. What is l(3)?
-3
Let c(i) = -14*i**2 - 18*i - 17. Let b(l) = -5*l**2 - 6*l - 6. Let s(x) = -17*b(x) + 6*c(x). Determine s(7).
7
Suppose -20 = -6*h + 2*h. Suppose w - 3 = 2. Let g be h/w - 2*1. Let i(m) = -m + 1. Give i(g).
2
Suppose 0 = 2*q + 17 - 7. Let m(d) = 3*d**3 + 2*d - 2. Let v(p) = -p**3 - p**2 + p + 1. Let w = -12 - -8. Let h(x) = w*v(x) - m(x). What is h(q)?
3
Let b(z) = 2*z**2 + z - 2. Let q be b(-2). Let f = -6 + q. Let l(r) = -r**3 - r**2 - 2. Give l(f).
2
Let a(t) be the first derivative of 11*t + 6 - 1/4*t**4 + 1/2*t**2 - 1/3*t**3. Determine a(0).
11
Let b(i) = 7*i**3 + 5*i + 25 - 6*i**3 - 4*i**2 - 4*i - 22. Determine b(3).
-3
Let b(f) be the first derivative of -f**4/4 + 5*f**3/3 - f**2/2 + 3*f + 5. Calculate b(5).
-2
Let b(i) be the first derivative of -i**2 - i**2 + i**2 + 2. Let o be b(2). Let l(p) = -p**3 - 5*p**2 - 4*p + 2. Determine l(o).
2
Let m(g) = -6*g**3 - 15*g**2 + 7*g + 4. Let k be (-12)/(-18) + (-48)/(-9). Let n(j) = 5*j**3 + 14*j**2 - 7*j - 3. Let p(l) = k*m(l) + 7*n(l). Calculate p(7).
3
Let i(f) = f - 6. Let o(h) = h - 7. Let l(g) = 5*i(g) - 4*o(g). Let j(s) = -s - 4. Let a be j(-7). Calculate l(a).
1
Let r = 7 - 2. Suppose 8*s = 4*s - r*c + 20, 4*s + c = 20. Let x(q) = -5*q + 4. Let o(l) = -26*l + 20. Let p(k) = 3*o(k) - 16*x(k). Calculate p(s).
6
Let n(j) = 3*j - 6. Let m(x) = -2 - 1 + x + 2 - 2. Let p be m(7). Give n(p).
6
Let y(m) = -7*m. Let o(b) = -2*b. Let f be (15 + 0)*2/5. Let r(j) = f*y(j) - 22*o(j). Determine r(3).
6
Let n(d) = -5*d**3 - 24*d**2 - d + 11. Let g(m) = -m**3 - 6*m**2 + 3. Let v(p) = 9*g(p) - 2*n(p). Let k(j) = j**3 - j**2 + 5. Let c be k(0). What is v(c)?
-10
Let v be (3/2)/((-3)/(-4)). Let s(g) = -3*g - 1 + 5*g**2 - 1 - 4*g**v. Suppose -8*f + 4*j = -6*f - 6, -5*j + 20 = 3*f. Calculate s(f).
8
Let w(f) = -f**3 - 4*f**2 - f - 3. Let l(h) = h - 12. Let k be l(9). Let c(d) = 2*d + 3. Let n be c(k). Give w(n).
-9
Let a = 17 - 19. Let n(c) = -2*c**2 - 3*c - 3. Calculate n(a).
-5
Let q(t) = 2*t - 4. Let f be q(5). Let m = 8 - f. Let r(n) = 7 + m*n + n - 5*n. Calculate r(5).
-3
Let g(m) = -4*m**3 - m**2 - 2*m - 1. Let w be g(-1). Suppose -w*t = -23 + 3. Let a(n) = -n**2 + 5*n + 7. Determine a(t).
7
Suppose 0 = -2*d - 5 - 1. Let s(o) = 2*o**2 + 4*o + 2. Let v be s(-2). Let f(b) = b**3 + 1 + b**2 - 2*b**2 + 1 + 5*b**v. Determine f(d).
11
Suppose 0 = -7*o + 2*o + 35. Let m(b) = b**3 - 6*b**2 - 7*b. Give m(o).
0
Suppose 0 = -3*p - r + 4, 0*r = 5*p + 5*r. Let z(f) = 3*f - 2. Give z(p).
4
Let r(p) = p**3 - 7*p**2 + 2. Let q be r(7). Let w = 10 - 18. Let x be 5*(w/5 + q). Let i(b) = -b**3 + b + 2. What is i(x)?
-4
Let f be 1 - (-4)/((-4)/(-3)). Let m(b) be the second derivative of b + 1/2*b**2 + 0 - 1/6*b**f - 1/20*b**5 + 1/3*b**3. Calculate m(-3).
4
Let w(o) be the second derivative of 0 - 1/3*o**3 - 1/6*o**4 + 3/2*o**2 - 7*o + 1/20*o**5. What is w(3)?
6
Let a(j) = -2*j**2 - 4*j - 3. Let d be 2 - 1/((-4)/(-20)). Determine a(d).
-9
Suppose -x - 3*x + 28 = 0. Let r(d) = d**2 - 8*d + 7. Calculate r(x).
0
Let x(n) be the third derivative of n**5/60 - n**4/8 - n**3/2 - 8*n**2. What is x(3)?
-3
Let d(w) = w**2 + 1 - 9*w - 3*w**2 + 2*w - 7. Determine d(-4).
-10
Let h be (3*1)/((-6)/(-4)). Let k(d) = d**2 - 4*d + 3. Let u be k(4). Let p(g) = -7*g**2 + g**3 + h + u*g**2 - 3*g + 5*g. Give p(3).
-1
Let d(t) be the first derivative of -t**3/3 + 11*t - 6. Give d(0).
11
Let q = 3 - 1. Let z(y) = q - y - 4 + 3*y. Let d be 2/(-13) + (-123)/(-39). Determine z(d).
4
Let j(v) = v**3 - v**2 - 2. Let l(d) = -d**3 + 3*d**2 - 2. Let s be l(2). Calculate j(s).
2
Let n(x) = -x - 3. Suppose -3 = b, 0 = -5*q - 4*b - 13 + 1. Suppose -o + 3*l + 5 = q, -4*o - 28 = 5*l - l. Determine n(o).
1
Let q(u) = -4*u**2 - 4*u - 2. Let m(h) = -12*h**2 - 12*h - 6. Let l(p) = -6*m(p) + 17*q(p). Determine l(-2).
10
Let c(g) = -3*g + 1 + 3*g**2 - g**3 - 2*g**3 + g. Calculate c(2).
-15
Let k(u) = -6*u**3 - 4*u**2 - 8*u - 1. Let v(i) = -8*i**2 - 5*i**3 + 2 + 4*i**2 - 7*i - 3. Let y(x) = 4*k(x) - 5*v(x). Calculate y(-2).
3
Let i be (-2)/4 - 22/4. Let o(p) = -p**2 - 5*p - 1. What is o(i)?
-7
Let b be 2/4 + (-54)/12. Let l(o) be the second derivative of o**5/120 + o**3/6 + o. Let p(k) be the second derivative of l(k). Calculate p(b).
-4
Let a(l) = -7 - 7*l**2 - 4*l**3 - l**3 + 3*l**3 + 8*l + 3*l**3. Determine a(6).
5
Let j = -3 - -10. Suppose u - j = -2. Let l(s) = s - 2. Give l(u).
3
Let a(s) = s + 1. Suppose 8 = 6*k - 5*k + 5*j, 5*k = -2*j + 40. Suppose 0 = 5*o - 3*o - k. Give a(o).
5
Suppose -4*b = -3*c + 34, -b - c - 11 = -3*c. Let n(j) = j + 6. Let s be n(b). Let g(i) = i**2 + i. Give g(s).
0
Let y(i) = 2*i + 1 - 1 + 2. Suppose -3*w + 5*p = -76, -4*p = -4*w + 52 + 36. Suppose -3*g + 8 = w. Calculate y(g).
-4
Let l(y) = -y**2 + 7*y - 3. Let b be l(6). Let h(q) = 4*q**b + q**2 - 3*q**3 + 2 + 3*q - 2*q. Calculate h(0).
2
Let r be 14*(6/4 + 1). Suppose g + 3*g - r = 5*l, -13 = -2*g + l. Let v(q) = -3*q**2 + 0*q + 5 - 2*q**2 + 0*q - 2*q + q**3. Give v(g).
-5
Let q(l) = -4*l**2 + 22*l**3 + 8*l + 2*l**2 + 2 - 3*l - 23*l**3. Suppose -x + 11 = -3*x - 5*f, -2*f - 17 = 5*x. Determine q(x).
-4
Let g(t) = -t**3 - 6*t**2 + 7*t - 5. Let h(n) = 2*n**2 + 10*n - 7. Let i be h(-5). Determine g(i).
-5
Let y(z) = 4*z - 9. Let c = 17 + -11. Calculate y(c).
15
Suppose -2 = -2*b + 2. Suppose 2 = -2*m - b. Let k(u) = -u**3 - 4*u**2 - 2*u + 1. What is k(m)?
-3
Let g(q) = 5*q - 1. Let r(k) = 5*k - 1. Let d(f) = -5*g(f) + 6*r(f). Calculate d(-2).
-11
Let u be 18/(-4)*(-4)/3. Let m be 8/u*18/12. Let q(c) = -6 + c**2 - 5*c - 2*c**2 + 2*c**m. Calculate q(5).
-6
Suppose -5*n + 1 = -4. Suppose 2*z = -7 + n. Let a be 3*((-15)/9 - z). Let h(o) = -2*o**2 + 6*o - 1. Calculate h(a).
-9
Let h(g) = 10*g**3 - 1. Suppose -3*x = d + 1 - 2, 5 = x - 2*d. What is h(x)?
9
Suppose 2*x = -4*w - 0*w - 10, 4*w = x - 13. Suppose 3*p + 5*o + 4 = -1, 3*p = 3*o + 3. Let q = x + p. Let l(n) = -n**2 - n. Determine l(q).
-2
Let b(w) be the first derivative of w**4/4 - 4*w**3/3 + 3*w**2/2 + w + 24. Give b(3).
1
Let c(q) = -q**2 - 3*q + 1. Suppose -4*z - v - 18 = v, 4*z + 3*v + 17 = 0. Determine c(z).
-9
Let q(x) = -7*x + 1. Let u(p) = -3*p + 1. Let y(l) = -4*q(l) + 9*u(l). Give y(0).
5
Let f(b) be the second derivative of b**4/12 - 5*b**3/6 - 3*b**2/2 - 13*b. Suppose -20 = -j - 3*j. Calculate f(j).
-3
Let w(f) = -f**3 + 6*f**2 - 9*f + 2. Let i be w(5). Let g = -23 - i. Let y(t) = t**3 + 5*t**2 + 3. Determine y(g).
3
Let a(l) = 2*l - 7. Suppose -3*q - 4 = -22. What is a(q)?
5
Let y = 197 + -191. Let f(p) = -p - 5. Calculate f(y).
-11
Let c(j) = -j**2 - 9*j - 2. Suppose -27 = -2*n - 45. Calculate c(n).
-2
Suppose 2*g + g = 0. Let t = g + -3. Let j(x) = x**2 - 2. Give j(t).
7
Let b(t) be the second derivative of -t**6/720 + t**5/24 - t**4/4 + 2*t. Let m(j) be the third derivative of b(j). Calculate m(0).
5
Suppose 0*g - 3*g = 0. Let s(c) be the third derivative of -c**6/120 + c**5/60 + c**4/24 + c**3 + 4*c**2. Let r be s(g). Let f(x) = -x**2 + 7*x. What is f(r)?
6
Let g(d) = 7*d + 7. Let o(s) = -10*s - 10. Let h(b) = -7*g(b) - 5*o(b). Calculate h(5).
6
Let h be 4 - (-2 - (-2 + 1)). Let y(k) = -k**2 + 5*k - 7. Calculate y(h).
-7
Suppose -21*a + 20*a + 2 = 0. Let w(j) = j**3 + 3*j**2 - 3*j + 2. Determine w(a).
16
Let j(p) be the first derivative of -p**3/3 - 3*p**2/2 + 3*p + 5. What is j(-5)?
-7
Let f(c) = c**2 - 2*c - 2. Let b = 49 - 9. Suppose -h + 8 = 4*t, -2*h + 5*h = 4*t + b. Suppose -2*i = 2*u - h, -i = -4*i - 5*u + 22. Determine f(i).
6
Let z(b) = -2*b**2 + 2*b - 6. Let p(m) = 1. Let a = -6 + 5. Let c(t) = a*z(t) - 4*p(t). Give c(2).
6
Let a be -4 - 3/(-1) - 2. Let r(o) = -o - 5. Calculate r(a).
-2
Let a(f) = f**2 - 11*f + 4. Let v be (1 - 2)*(-37 - -27). Give a(v).
-6
Let n(q) = 3*q + 4. Let m(l) = -16*l - 20. Let p(b) = 2*m(b) + 11*n(b). Let k be p(-5). Let a(j) = 0*j - j + j + 2*j. Calculate a(k).
-2
Let g = 4 + -7. Let b = -4 - g. Let j(h) = 7*h**3 + h**2 + 2*h - 1. Let o(r) = -r**3 + 1. Let x(p) = -j(p) - 2*o(p). Determine x(b).
5
Let o(d) = -d**3 + 5*d**2 + 2*d - 2. Let u be (-1)/(-3) + 22/(-3). Let j be (8*1 - 2)*2. Let l = j + u. Give o(l).
8
Suppose -r - i = 4*i + 15, -4*r + 4*i + 36 = 0. Suppose 5*x - 